{"id":1679,"date":"2018-02-15T15:21:32","date_gmt":"2018-02-15T14:21:32","guid":{"rendered":"http:\/\/www.wunder-der-stadt.com\/?page_id=1679"},"modified":"2024-01-12T20:13:13","modified_gmt":"2024-01-12T19:13:13","slug":"impressum","status":"publish","type":"page","link":"https:\/\/www.wunder-der-stadt.com\/en\/impressum\/","title":{"rendered":"Impressum"},"content":{"rendered":"<p>[vc_row][vc_column][vc_column_text]<\/p>\n<h1>Site Notice<\/h1>\n<h2>Information provided according to Sec. 5 German Telemedia Act (TMG):<\/h2>\n<p>Val\u00e9rie Kieffer<br \/>\nWunder der Stadt by Val\u00e9rie Kieffer<br \/>\nHeinrich-Vogl-Str. 6<br \/>\n81479 M\u00fcnchen<\/p>\n<h2>Contact:<\/h2>\n<p>Telephone: +49 89 20 21 551<br \/>\nEmail: info@wunder-der-stadt.de<\/p>\n<h2>VAT:<\/h2>\n<p>VAT Id number according to Sec. 27 a German Value Added Tax Act:<br \/>\nDE262025697<\/p>\n<h2>Information concerning professional indemnity insurance:<\/h2>\n<p>Name and residence of insurer:<br \/>\nGenerali Versicherung AG, 81731 M\u00fcnchen<\/p>\n<h2>Responsible for contents acc. to Sec. 55, para. 2 German Federal Broadcasting Agreement (RstV):<\/h2>\n<p>Val\u00e9rie Kieffer<br \/>\nHeinrich-Vogl-Str. 6<br \/>\n81479 M\u00fcnchen<\/p>\n<h2>Dispute resolution<\/h2>\n<p>The European Commission provides a platform for online dispute resolution (OS): <a href=\"https:\/\/ec.europa.eu\/consumers\/odr\" target=\"_blank\" rel=\"noopener\">https:\/\/ec.europa.eu\/consumers\/odr<\/a>.<br \/>\nPlease find our email in the impressum\/legal notice.<\/p>\n<p>We do not take part in online dispute resolutions at consumer arbitration boards.<\/p>\n<h3>Liability for Contents<\/h3>\n<p>As service providers, we are liable for own contents of these websites according to Sec. 7, paragraph 1 German Telemedia Act (TMG). However, according to Sec. 8 to 10 German Telemedia Act (TMG), service providers are not obligated to permanently monitor submitted or stored information or to search for evidences that indicate illegal activities.<\/p>\n<p>Legal obligations to removing information or to blocking the use of information remain unchallenged. In this case, liability is only possible at the time of knowledge about a specific violation of law. Illegal contents will be removed immediately at the time we get knowledge of them.<\/p>\n<h3>Liability for Links<\/h3>\n<p>Our offer includes links to external third party websites. We have no influence on the contents of those websites, therefore we cannot guarantee for those contents. Providers or administrators of linked websites are always responsible for their own contents.<\/p>\n<p>The linked websites had been checked for possible violations of law at the time of the establishment of the link. Illegal contents were not detected at the time of the linking. A permanent monitoring of the contents of linked websites cannot be imposed without reasonable indications that there has been a violation of law. Illegal links will be removed immediately at the time we get knowledge of them.<\/p>\n<h3>Copyright<\/h3>\n<p>Contents and compilations published on these websites by the providers are subject to German copyright laws. Reproduction, editing, distribution as well as the use of any kind outside the scope of the copyright law require a written permission of the author or originator. Downloads and copies of these websites are permitted for private use only.<br \/>\nThe commercial use of our contents without permission of the originator is prohibited.<\/p>\n<p>Copyright laws of third parties are respected as long as the contents on these websites do not originate from the provider. Contributions of third parties on this site are indicated as such. However, if you notice any violations of copyright law, please inform us. Such contents will be removed immediately.<\/p>\n<p><strong>Photos:<\/strong> Val\u00e9rie Kieffer \/ M\u00fcnchen Tourismus: A. M\u00fcller,\u00a0W.O. Hausmann, C. Reiter,\u00a0Fritz Mader,\u00a0Rudolf Sterflinger, S. M\u00fcller,\u00a0Luis Gervasi, J. Lutz, Sigi M\u00fcller, Werner Boehm,\u00a0Friedrich M\u00fcller, Tommy Loesch,\u00a0Lukas Barth,\u00a0Felix Loechner \/ \u00a9 Alte Pinakothek \/\u00a0\u00a9 Zentrum Paul Klee, Bern, Bildarchiv \/\u00a0\u00a9 Museum Folkwang Essen \u2013 ARTOTHEK \/\u00a0\u00a9 Collection of the Gemeentemuseum Den Haag,\u00a0<a href=\"http:\/\/www.gemeentemuseum.nl\">www.gemeentemuseum.nl<\/a>\u00a0\/\u00a0\u00a9 Pinakothek der Moderne\u00a0Fotograf: Martin Fengel \/\u00a0\u00a9 St\u00e4dtische Galerie im Lenbachhaus M\u00fcnchen \/\u00a0\u00a9 VG Bild-Kunst, Bonn 2017 \/\u00a0<a href=\"https:\/\/pixabay.com\/de\/\">Pixabay<\/a> \/\u00a0<a href=\"https:\/\/de.fotolia.com\/\">Fotolia.de<\/a><\/p>\n<p><strong>Layout &#038; Design:<\/strong>\u00a0<a href=\"http:\/\/www.jolana-kommunikation-design.de\">Jolana Kommunikation &#038; Design &#8211; Inh. Johanna M\u00fcller\u00a0<\/a><\/p>\n<p class=\"p1\"><strong>Text:<\/strong> Valerie Kieffer<\/p>\n<p class=\"p1\"><strong>Conception:<\/strong> ZAMCOM GmbH<\/p>\n<p>[\/vc_column_text][\/vc_column][\/vc_row]<\/p>\n","protected":false},"excerpt":{"rendered":"<p>[vc_row][vc_column][vc_column_text] Site Notice Information provided according to Sec. 5 German Telemedia Act (TMG): Val\u00e9rie Kieffer Wunder der Stadt by Val\u00e9rie Kieffer Heinrich-Vogl-Str. 6 81479 M\u00fcnchen Contact: Telephone: +49 89 20 21 551 Email: info@wunder-der-stadt.de VAT: VAT Id number according to Sec. 27 a German Value Added Tax Act: DE262025697 Information concerning professional indemnity insurance: Name<\/p>\n<div class=\"padding-top text-center\"><a href=\"https:\/\/www.wunder-der-stadt.com\/en\/impressum\/\" class=\"atbtn atbtn--medium atbtn--rounded atbtn--transparent\">Weiterlesen<i class=\"atbtn__icon atbtn__icon--right fa fa-long-arrow-right\"><\/i><\/a><\/div>\n","protected":false},"author":1,"featured_media":0,"parent":0,"menu_order":0,"comment_status":"closed","ping_status":"closed","template":"","meta":{"footnotes":""},"translation":{"provider":"WPGlobus","version":"3.0.2","language":"en","enabled_languages":["de","en","fr","es"],"languages":{"de":{"title":true,"content":true,"excerpt":false},"en":{"title":false,"content":true,"excerpt":false},"fr":{"title":true,"content":true,"excerpt":false},"es":{"title":false,"content":false,"excerpt":false}}},"yoast_head":"<!-- This site is optimized with the Yoast SEO plugin v22.0 - https:\/\/yoast.com\/wordpress\/plugins\/seo\/ -->\n<title>- Wunder der Stadt - Stadtf\u00fchrungen in M\u00fcnchen und Oberbayern<\/title>\n<meta name=\"robots\" content=\"index, follow, max-snippet:-1, max-image-preview:large, max-video-preview:-1\" \/>\n<link rel=\"canonical\" href=\"https:\/\/www.wunder-der-stadt.com\/impressum\/\" \/>\n<meta property=\"og:locale\" content=\"en_US\" \/>\n<meta property=\"og:type\" content=\"article\" \/>\n<meta property=\"og:title\" content=\"- Wunder der Stadt - Stadtf\u00fchrungen in M\u00fcnchen und Oberbayern\" \/>\n<meta property=\"og:url\" content=\"https:\/\/www.wunder-der-stadt.com\/impressum\/\" \/>\n<meta property=\"og:site_name\" content=\"Wunder der Stadt - Stadtf\u00fchrungen in M\u00fcnchen und Oberbayern\" \/>\n<meta property=\"article:modified_time\" content=\"2024-01-12T19:13:13+00:00\" \/>\n<meta property=\"og:image\" content=\"https:\/\/www.wunder-der-stadt.com\/wp-content\/uploads\/WDS_logo2.png\" \/>\n\t<meta property=\"og:image:width\" content=\"292\" \/>\n\t<meta property=\"og:image:height\" content=\"157\" \/>\n\t<meta property=\"og:image:type\" content=\"image\/png\" \/>\n<meta name=\"twitter:card\" content=\"summary_large_image\" \/>\n<meta name=\"twitter:label1\" content=\"Est. reading time\" \/>\n\t<meta name=\"twitter:data1\" content=\"8 minutes\" \/>\n<script type=\"application\/ld+json\" class=\"yoast-schema-graph\">{\"@context\":\"https:\/\/schema.org\",\"@graph\":[{\"@type\":\"WebPage\",\"@id\":\"https:\/\/www.wunder-der-stadt.com\/impressum\/\",\"url\":\"https:\/\/www.wunder-der-stadt.com\/impressum\/\",\"name\":\"- Wunder der Stadt - Stadtf\u00fchrungen in M\u00fcnchen und Oberbayern\",\"isPartOf\":{\"@id\":\"https:\/\/www.wunder-der-stadt.com\/#website\"},\"datePublished\":\"2018-02-15T14:21:32+00:00\",\"dateModified\":\"2024-01-12T19:13:13+00:00\",\"breadcrumb\":{\"@id\":\"https:\/\/www.wunder-der-stadt.com\/impressum\/#breadcrumb\"},\"inLanguage\":\"en-US\",\"potentialAction\":[{\"@type\":\"ReadAction\",\"target\":[\"https:\/\/www.wunder-der-stadt.com\/impressum\/\"]}]},{\"@type\":\"BreadcrumbList\",\"@id\":\"https:\/\/www.wunder-der-stadt.com\/impressum\/#breadcrumb\",\"itemListElement\":[{\"@type\":\"ListItem\",\"position\":1,\"name\":\"Startseite\",\"item\":\"https:\/\/www.wunder-der-stadt.com\/\"},{\"@type\":\"ListItem\",\"position\":2,\"name\":\"Impressum\"}]},{\"@type\":\"WebSite\",\"@id\":\"https:\/\/www.wunder-der-stadt.com\/#website\",\"url\":\"https:\/\/www.wunder-der-stadt.com\/\",\"name\":\"{:de}Wunder der Stadt - Stadtf\u00fchrungen in M\u00fcnchen und Oberbayern{:}{:fr}Wunder der Stadt - Visites guid\u00e9es \u00e0 Munich et en Bavi\u00e8re{:}\",\"description\":\"Ihre Agentur f\u00fcr Incomingreisen, Gesch\u00e4ftreisen, Stadtf\u00fchrungen und Privatreisen in M\u00fcnchen und Bayern\",\"publisher\":{\"@id\":\"https:\/\/www.wunder-der-stadt.com\/#\/schema\/person\/7ac5370c8e8a38b0625e279f3af2d701\"},\"potentialAction\":[{\"@type\":\"SearchAction\",\"target\":{\"@type\":\"EntryPoint\",\"urlTemplate\":\"https:\/\/www.wunder-der-stadt.com\/?s={search_term_string}\"},\"query-input\":\"required name=search_term_string\"}],\"inLanguage\":\"en-US\"},{\"@type\":[\"Person\",\"Organization\"],\"@id\":\"https:\/\/www.wunder-der-stadt.com\/#\/schema\/person\/7ac5370c8e8a38b0625e279f3af2d701\",\"name\":\"Admin\",\"logo\":{\"@id\":\"https:\/\/www.wunder-der-stadt.com\/#\/schema\/person\/image\/\"}}]}<\/script>\n<!-- \/ Yoast SEO plugin. -->","yoast_head_json":{"title":"- Wunder der Stadt - Stadtf\u00fchrungen in M\u00fcnchen und Oberbayern","robots":{"index":"index","follow":"follow","max-snippet":"max-snippet:-1","max-image-preview":"max-image-preview:large","max-video-preview":"max-video-preview:-1"},"canonical":"https:\/\/www.wunder-der-stadt.com\/impressum\/","og_locale":"en_US","og_type":"article","og_title":"- Wunder der Stadt - Stadtf\u00fchrungen in M\u00fcnchen und Oberbayern","og_url":"https:\/\/www.wunder-der-stadt.com\/impressum\/","og_site_name":"Wunder der Stadt - Stadtf\u00fchrungen in M\u00fcnchen und Oberbayern","article_modified_time":"2024-01-12T19:13:13+00:00","og_image":[{"width":292,"height":157,"url":"https:\/\/www.wunder-der-stadt.com\/wp-content\/uploads\/WDS_logo2.png","type":"image\/png"}],"twitter_card":"summary_large_image","twitter_misc":{"Est. reading time":"8 minutes"},"schema":{"@context":"https:\/\/schema.org","@graph":[{"@type":"WebPage","@id":"https:\/\/www.wunder-der-stadt.com\/impressum\/","url":"https:\/\/www.wunder-der-stadt.com\/impressum\/","name":"- Wunder der Stadt - Stadtf\u00fchrungen in M\u00fcnchen und Oberbayern","isPartOf":{"@id":"https:\/\/www.wunder-der-stadt.com\/#website"},"datePublished":"2018-02-15T14:21:32+00:00","dateModified":"2024-01-12T19:13:13+00:00","breadcrumb":{"@id":"https:\/\/www.wunder-der-stadt.com\/impressum\/#breadcrumb"},"inLanguage":"en-US","potentialAction":[{"@type":"ReadAction","target":["https:\/\/www.wunder-der-stadt.com\/impressum\/"]}]},{"@type":"BreadcrumbList","@id":"https:\/\/www.wunder-der-stadt.com\/impressum\/#breadcrumb","itemListElement":[{"@type":"ListItem","position":1,"name":"Startseite","item":"https:\/\/www.wunder-der-stadt.com\/"},{"@type":"ListItem","position":2,"name":"Impressum"}]},{"@type":"WebSite","@id":"https:\/\/www.wunder-der-stadt.com\/#website","url":"https:\/\/www.wunder-der-stadt.com\/","name":"{:de}Wunder der Stadt - Stadtf\u00fchrungen in M\u00fcnchen und Oberbayern{:}{:fr}Wunder der Stadt - Visites guid\u00e9es \u00e0 Munich et en Bavi\u00e8re{:}","description":"Ihre Agentur f\u00fcr Incomingreisen, Gesch\u00e4ftreisen, Stadtf\u00fchrungen und Privatreisen in M\u00fcnchen und Bayern","publisher":{"@id":"https:\/\/www.wunder-der-stadt.com\/#\/schema\/person\/7ac5370c8e8a38b0625e279f3af2d701"},"potentialAction":[{"@type":"SearchAction","target":{"@type":"EntryPoint","urlTemplate":"https:\/\/www.wunder-der-stadt.com\/?s={search_term_string}"},"query-input":"required name=search_term_string"}],"inLanguage":"en-US"},{"@type":["Person","Organization"],"@id":"https:\/\/www.wunder-der-stadt.com\/#\/schema\/person\/7ac5370c8e8a38b0625e279f3af2d701","name":"Admin","logo":{"@id":"https:\/\/www.wunder-der-stadt.com\/#\/schema\/person\/image\/"}}]}},"_links":{"self":[{"href":"https:\/\/www.wunder-der-stadt.com\/en\/wp-json\/wp\/v2\/pages\/1679"}],"collection":[{"href":"https:\/\/www.wunder-der-stadt.com\/en\/wp-json\/wp\/v2\/pages"}],"about":[{"href":"https:\/\/www.wunder-der-stadt.com\/en\/wp-json\/wp\/v2\/types\/page"}],"author":[{"embeddable":true,"href":"https:\/\/www.wunder-der-stadt.com\/en\/wp-json\/wp\/v2\/users\/1"}],"replies":[{"embeddable":true,"href":"https:\/\/www.wunder-der-stadt.com\/en\/wp-json\/wp\/v2\/comments?post=1679"}],"version-history":[{"count":11,"href":"https:\/\/www.wunder-der-stadt.com\/en\/wp-json\/wp\/v2\/pages\/1679\/revisions"}],"predecessor-version":[{"id":2571,"href":"https:\/\/www.wunder-der-stadt.com\/en\/wp-json\/wp\/v2\/pages\/1679\/revisions\/2571"}],"wp:attachment":[{"href":"https:\/\/www.wunder-der-stadt.com\/en\/wp-json\/wp\/v2\/media?parent=1679"}],"curies":[{"name":"wp","href":"https:\/\/api.w.org\/{rel}","templated":true}]}}

<p>[vc_row][vc_column][vc_column_text]</p>
<h1>Site Notice</h1>
<h2>Information provided according to Sec. 5 German Telemedia Act (TMG):</h2>
<p>Valérie Kieffer<br />
Wunder der Stadt by Valérie Kieffer<br />
Heinrich-Vogl-Str. 6<br />
81479 München</p>
<h2>Contact:</h2>
<p>Telephone: +49 89 20 21 551<br />
Email: info@wunder-der-stadt.de</p>
<h2>VAT:</h2>
<p>VAT Id number according to Sec. 27 a German Value Added Tax Act:<br />
DE262025697</p>
<h2>Information concerning professional indemnity insurance:</h2>
<p>Name and residence of insurer:<br />
Generali Versicherung AG, 81731 München</p>
<h2>Responsible for contents acc. to Sec. 55, para. 2 German Federal Broadcasting Agreement (RstV):</h2>
<p>Valérie Kieffer<br />
Heinrich-Vogl-Str. 6<br />
81479 München</p>
<h2>Dispute resolution</h2>
<p>The European Commission provides a platform for online dispute resolution (OS): <a href="https://ec.europa.eu/consumers/odr" target="_blank" rel="noopener">https://ec.europa.eu/consumers/odr</a>.<br />
Please find our email in the impressum/legal notice.</p>
<p>We do not take part in online dispute resolutions at consumer arbitration boards.</p>
<h3>Liability for Contents</h3>
<p>As service providers, we are liable for own contents of these websites according to Sec. 7, paragraph 1 German Telemedia Act (TMG). However, according to Sec. 8 to 10 German Telemedia Act (TMG), service providers are not obligated to permanently monitor submitted or stored information or to search for evidences that indicate illegal activities.</p>
<p>Legal obligations to removing information or to blocking the use of information remain unchallenged. In this case, liability is only possible at the time of knowledge about a specific violation of law. Illegal contents will be removed immediately at the time we get knowledge of them.</p>
<h3>Liability for Links</h3>
<p>Our offer includes links to external third party websites. We have no influence on the contents of those websites, therefore we cannot guarantee for those contents. Providers or administrators of linked websites are always responsible for their own contents.</p>
<p>The linked websites had been checked for possible violations of law at the time of the establishment of the link. Illegal contents were not detected at the time of the linking. A permanent monitoring of the contents of linked websites cannot be imposed without reasonable indications that there has been a violation of law. Illegal links will be removed immediately at the time we get knowledge of them.</p>
<h3>Copyright</h3>
<p>Contents and compilations published on these websites by the providers are subject to German copyright laws. Reproduction, editing, distribution as well as the use of any kind outside the scope of the copyright law require a written permission of the author or originator. Downloads and copies of these websites are permitted for private use only.<br />
The commercial use of our contents without permission of the originator is prohibited.</p>
<p>Copyright laws of third parties are respected as long as the contents on these websites do not originate from the provider. Contributions of third parties on this site are indicated as such. However, if you notice any violations of copyright law, please inform us. Such contents will be removed immediately.</p>
<p><strong>Photos:</strong> Valérie Kieffer / München Tourismus: A. Müller, W.O. Hausmann, C. Reiter, Fritz Mader, Rudolf Sterflinger, S. Müller, Luis Gervasi, J. Lutz, Sigi Müller, Werner Boehm, Friedrich Müller, Tommy Loesch, Lukas Barth, Felix Loechner / © Alte Pinakothek / © Zentrum Paul Klee, Bern, Bildarchiv / © Museum Folkwang Essen – ARTOTHEK / © Collection of the Gemeentemuseum Den Haag, <a href="http://www.gemeentemuseum.nl">www.gemeentemuseum.nl</a> / © Pinakothek der Moderne Fotograf: Martin Fengel / © Städtische Galerie im Lenbachhaus München / © VG Bild-Kunst, Bonn 2017 / <a href="https://pixabay.com/de/">Pixabay</a> / <a href="https://de.fotolia.com/">Fotolia.de</a></p>
<p><strong>Layout &#038; Design:</strong> <a href="http://www.jolana-kommunikation-design.de">Jolana Kommunikation &#038; Design &#8211; Inh. Johanna Müller </a></p>
<p class="p1"><strong>Text:</strong> Valerie Kieffer</p>
<p class="p1"><strong>Conception:</strong> ZAMCOM GmbH</p>
<p>[/vc_column_text][/vc_column][/vc_row]</p>

<p>[vc_row][vc_column][vc_column_text] Site Notice Information provided according to Sec. 5 German Telemedia Act (TMG): Valérie Kieffer Wunder der Stadt by Valérie Kieffer Heinrich-Vogl-Str. 6 81479 München Contact: Telephone: +49 89 20 21 551 Email: info@wunder-der-stadt.de VAT: VAT Id number according to Sec. 27 a German Value Added Tax Act: DE262025697 Information concerning professional indemnity insurance: Name</p>
<div class="padding-top text-center"><a href="https://www.wunder-der-stadt.com/en/impressum/" class="atbtn atbtn--medium atbtn--rounded atbtn--transparent">Weiterlesen<i class="atbtn__icon atbtn__icon--right fa fa-long-arrow-right"></i></a></div>

<!-- This site is optimized with the Yoast SEO plugin v22.0 - https://yoast.com/wordpress/plugins/seo/ -->
<title>- Wunder der Stadt - Stadtführungen in München und Oberbayern</title>
<meta name="robots" content="index, follow, max-snippet:-1, max-image-preview:large, max-video-preview:-1" />
<link rel="canonical" href="https://www.wunder-der-stadt.com/impressum/" />
<meta property="og:locale" content="en_US" />
<meta property="og:type" content="article" />
<meta property="og:title" content="- Wunder der Stadt - Stadtführungen in München und Oberbayern" />
<meta property="og:url" content="https://www.wunder-der-stadt.com/impressum/" />
<meta property="og:site_name" content="Wunder der Stadt - Stadtführungen in München und Oberbayern" />
<meta property="article:modified_time" content="2024-01-12T19:13:13+00:00" />
<meta property="og:image" content="https://www.wunder-der-stadt.com/wp-content/uploads/WDS_logo2.png" />
	<meta property="og:image:width" content="292" />
	<meta property="og:image:height" content="157" />
	<meta property="og:image:type" content="image/png" />
<meta name="twitter:card" content="summary_large_image" />
<meta name="twitter:label1" content="Est. reading time" />
	<meta name="twitter:data1" content="8 minutes" />
<script type="application/ld+json" class="yoast-schema-graph">{"@context":"https://schema.org","@graph":[{"@type":"WebPage","@id":"https://www.wunder-der-stadt.com/impressum/","url":"https://www.wunder-der-stadt.com/impressum/","name":"- Wunder der Stadt - Stadtführungen in München und Oberbayern","isPartOf":{"@id":"https://www.wunder-der-stadt.com/#website"},"datePublished":"2018-02-15T14:21:32+00:00","dateModified":"2024-01-12T19:13:13+00:00","breadcrumb":{"@id":"https://www.wunder-der-stadt.com/impressum/#breadcrumb"},"inLanguage":"en-US","potentialAction":[{"@type":"ReadAction","target":["https://www.wunder-der-stadt.com/impressum/"]}]},{"@type":"BreadcrumbList","@id":"https://www.wunder-der-stadt.com/impressum/#breadcrumb","itemListElement":[{"@type":"ListItem","position":1,"name":"Startseite","item":"https://www.wunder-der-stadt.com/"},{"@type":"ListItem","position":2,"name":"Impressum"}]},{"@type":"WebSite","@id":"https://www.wunder-der-stadt.com/#website","url":"https://www.wunder-der-stadt.com/","name":"{:de}Wunder der Stadt - Stadtführungen in München und Oberbayern{:}{:fr}Wunder der Stadt - Visites guidées à Munich et en Bavière{:}","description":"Ihre Agentur für Incomingreisen, Geschäftreisen, Stadtführungen und Privatreisen in München und Bayern","publisher":{"@id":"https://www.wunder-der-stadt.com/#/schema/person/7ac5370c8e8a38b0625e279f3af2d701"},"potentialAction":[{"@type":"SearchAction","target":{"@type":"EntryPoint","urlTemplate":"https://www.wunder-der-stadt.com/?s={search_term_string}"},"query-input":"required name=search_term_string"}],"inLanguage":"en-US"},{"@type":["Person","Organization"],"@id":"https://www.wunder-der-stadt.com/#/schema/person/7ac5370c8e8a38b0625e279f3af2d701","name":"Admin","logo":{"@id":"https://www.wunder-der-stadt.com/#/schema/person/image/"}}]}</script>
<!-- / Yoast SEO plugin. -->

- Wunder der Stadt - Stadtführungen in München und Oberbayern

Wunder der Stadt - Stadtführungen in München und Oberbayern

{:de}Wunder der Stadt - Stadtführungen in München und Oberbayern{:}{:fr}Wunder der Stadt - Visites guidées à Munich et en Bavière{:}

Ihre Agentur für Incomingreisen, Geschäftreisen, Stadtführungen und Privatreisen in München und Bayern
