{"id":2354,"date":"2020-06-25T16:45:42","date_gmt":"2020-06-25T14:45:42","guid":{"rendered":"https:\/\/www.wunder-der-stadt.com\/?post_type=product&#038;p=2354"},"modified":"2025-01-20T15:59:38","modified_gmt":"2025-01-20T14:59:38","slug":"munich-the-national-socialism","status":"publish","type":"product","link":"https:\/\/www.wunder-der-stadt.com\/en\/tours\/munich-the-national-socialism\/","title":{"rendered":"Munich &#038; the National Socialism"},"content":{"rendered":"<div id=\"conteneur\">\n<div id=\"visite\">\n<div id=\"texte_visite\">\n<p><span style=\"font-size: 14pt;\"><strong>A city tour about the National Socialism in Munich<br \/>\n<\/strong><\/span><\/p>\n<pre id=\"tw-target-text\" class=\"tw-data-text tw-text-large tw-ta\" dir=\"ltr\" data-placeholder=\"\u00dcbersetzung\"><span lang=\"en\" style=\"font-family: georgia, palatino, serif;\">A visit that takes you to the historical places of Munich's Nazi past, the \"capital of the movement\" as Hitler himself \r\ncalled it then.\r\n\r\n1923 Adolf Hitler tried in Munich for the first time to gain the political power. His military coup failed on \r\nthe Odeon Square. \r\nTen years later, he was elected in Berlin on January 30 1933, Chancellor of Germany. In Munich, \r\nthe Nazi propaganda and Hitler's tourism are in full swing.\r\n\r\nWe follow in the trail of the dictator, from his first steps during speeches at the brewery \r\n\"Zum Sternecker\", passing by the house of photographer Hoffman where the first propaganda photos were taken. \r\nIt will be the place where Hitler will meet the one who will become at the end his wife: Eva Brauen. We stop at the  \r\nBruckmann's villa, who supported the future dictator from the start. We go under the old city hall, \r\nwhere the \"crystal night\" started. A route that also takes us to the \"F\u00fchrerbau\" - Hitler's office and to \r\nthe site of the \"Brown House\" - the headquarter of the Nazi party - that the <a href=\"https:\/\/www.nsdoku.de\/en\/\">new documentation center<\/a>, \r\nwhich had long been the subject of controversy, opened his doors.<\/span><\/pre>\n<p><strong><em>You are particularly interested in the theme ?<\/em><\/strong><\/p>\n<p>We suggest you a themed day on the history of the rise of Nazism, the resistance in Munich and a visit to the <a href=\"https:\/\/www.wunder-der-stadt.com\/en\/tours\/dachau-concentration-camp-memorial-site\/\">Dachau concentration camp memorial site<\/a>.<\/p>\n<p>You are a teacher and you want to deepen this topic\u00a0 with your students ? Check our special offers for students here!<\/p>\n<\/div>\n<\/div>\n<\/div>\n<div id=\"tw-target-text-container\" class=\"tw-ta-container tw-nfl\" tabindex=\"0\">\n<pre id=\"tw-target-text\" class=\"tw-data-text tw-text-large tw-ta\" dir=\"ltr\" data-placeholder=\"\u00dcbersetzung\"><\/pre>\n<\/div>\n<p>[vc_row][vc_column][vc_btn title=&#8221;GET IN\u00a0 TOUCH WITHE US&#8221; shape=&#8221;square&#8221; align=&#8221;left&#8221; link=&#8221;url:http%3A%2F%2Fwww.wunder-der-stadt.com%2Fkontakt%2F|||&#8221;]<br \/>\n<!--more--><\/p>\n<table class=\"table table-bordered tours-tabs__table\" style=\"height: 233px;\" width=\"862\">\n<tbody>\n<tr>\n<td><strong>Start<\/strong><\/td>\n<td>flexible<\/td>\n<\/tr>\n<tr>\n<td><b>Duration<\/b><\/td>\n<td>max. 2 hours<\/td>\n<\/tr>\n<tr>\n<td><b>Fare<\/b><\/td>\n<td>\n<p class=\"p1\"><span class=\"s1\">220,00\u20ac \/Group &#8211; 19% VAT included<\/span><\/p>\n<\/td>\n<\/tr>\n<tr>\n<td><strong>Number of participants<br \/>\n<\/strong><\/td>\n<td><span class=\"s1\">\u00a0max. 25 persons<\/span><\/td>\n<\/tr>\n<\/tbody>\n<\/table>\n<p>&nbsp;<\/p>\n","protected":false},"excerpt":{"rendered":"<p>A city tour about the National Socialism in Munich A visit that takes you to the historical places of Munich&#8217;s Nazi past, the &#8220;capital of the movement&#8221; as Hitler himself called it then. 1923 Adolf Hitler tried in Munich for the first time to gain the political power. His military coup failed on the Odeon<\/p>\n<div class=\"padding-top text-center\"><a href=\"https:\/\/www.wunder-der-stadt.com\/en\/tours\/munich-the-national-socialism\/\" class=\"atbtn atbtn--medium atbtn--rounded atbtn--transparent\">Weiterlesen<i class=\"atbtn__icon atbtn__icon--right fa fa-long-arrow-right\"><\/i><\/a><\/div>\n","protected":false},"featured_media":2355,"template":"","meta":[],"product_cat":[103],"product_tag":[77,115,181,197],"translation":{"provider":"WPGlobus","version":"3.0.2","language":"en","enabled_languages":["de","en","fr","es"],"languages":{"de":{"title":true,"content":true,"excerpt":false},"en":{"title":false,"content":false,"excerpt":false},"fr":{"title":false,"content":false,"excerpt":false},"es":{"title":false,"content":false,"excerpt":false}}},"yoast_head":"<!-- This site is optimized with the Yoast SEO plugin v22.0 - https:\/\/yoast.com\/wordpress\/plugins\/seo\/ -->\n<title>Munich &amp; the National Socialism<\/title>\n<meta name=\"robots\" content=\"index, follow, max-snippet:-1, max-image-preview:large, max-video-preview:-1\" \/>\n<link rel=\"canonical\" href=\"https:\/\/www.wunder-der-stadt.com\/tours\/munich-the-national-socialism\/\" \/>\n<meta property=\"og:locale\" content=\"en_US\" \/>\n<meta property=\"og:type\" content=\"article\" \/>\n<meta property=\"og:title\" content=\"Munich &amp; the National Socialism - Wunder der Stadt - Stadtf\u00fchrungen in M\u00fcnchen und Oberbayern\" \/>\n<meta property=\"og:url\" content=\"https:\/\/www.wunder-der-stadt.com\/tours\/munich-the-national-socialism\/\" \/>\n<meta property=\"og:site_name\" content=\"Wunder der Stadt - Stadtf\u00fchrungen in M\u00fcnchen und Oberbayern\" \/>\n<meta property=\"article:modified_time\" content=\"2025-01-20T14:59:38+00:00\" \/>\n<meta property=\"og:image\" content=\"https:\/\/www.wunder-der-stadt.com\/wp-content\/uploads\/F\u00fchrerbau-scaled.jpg\" \/>\n\t<meta property=\"og:image:width\" content=\"1920\" \/>\n\t<meta property=\"og:image:height\" content=\"2560\" \/>\n\t<meta property=\"og:image:type\" content=\"image\/jpeg\" \/>\n<meta name=\"twitter:card\" content=\"summary_large_image\" \/>\n<meta name=\"twitter:label1\" content=\"Est. reading time\" \/>\n\t<meta name=\"twitter:data1\" content=\"1 minute\" \/>\n<script type=\"application\/ld+json\" class=\"yoast-schema-graph\">{\"@context\":\"https:\/\/schema.org\",\"@graph\":[{\"@type\":\"WebPage\",\"@id\":\"https:\/\/www.wunder-der-stadt.com\/tours\/munich-the-national-socialism\/\",\"url\":\"https:\/\/www.wunder-der-stadt.com\/tours\/munich-the-national-socialism\/\",\"name\":\"Munich & the National Socialism\",\"isPartOf\":{\"@id\":\"https:\/\/www.wunder-der-stadt.com\/#website\"},\"datePublished\":\"2020-06-25T14:45:42+00:00\",\"dateModified\":\"2025-01-20T14:59:38+00:00\",\"description\":\"City tour about Munich & the National socialism. A visit that takes you to the relevant historical places in Munich during the nazi regime\",\"breadcrumb\":{\"@id\":\"https:\/\/www.wunder-der-stadt.com\/tours\/munich-the-national-socialism\/#breadcrumb\"},\"inLanguage\":\"en-US\",\"potentialAction\":[{\"@type\":\"ReadAction\",\"target\":[\"https:\/\/www.wunder-der-stadt.com\/tours\/munich-the-national-socialism\/\"]}]},{\"@type\":\"BreadcrumbList\",\"@id\":\"https:\/\/www.wunder-der-stadt.com\/tours\/munich-the-national-socialism\/#breadcrumb\",\"itemListElement\":[{\"@type\":\"ListItem\",\"position\":1,\"name\":\"Startseite\",\"item\":\"https:\/\/www.wunder-der-stadt.com\/\"},{\"@type\":\"ListItem\",\"position\":2,\"name\":\"Produkte\",\"item\":\"https:\/\/www.wunder-der-stadt.com\/shop\/\"},{\"@type\":\"ListItem\",\"position\":3,\"name\":\"Munich &#038; the National Socialism\"}]},{\"@type\":\"WebSite\",\"@id\":\"https:\/\/www.wunder-der-stadt.com\/#website\",\"url\":\"https:\/\/www.wunder-der-stadt.com\/\",\"name\":\"{:de}Wunder der Stadt - Stadtf\u00fchrungen in M\u00fcnchen und Oberbayern{:}{:fr}Wunder der Stadt - Visites guid\u00e9es \u00e0 Munich et en Bavi\u00e8re{:}\",\"description\":\"Ihre Agentur f\u00fcr Incomingreisen, Gesch\u00e4ftreisen, Stadtf\u00fchrungen und Privatreisen in M\u00fcnchen und Bayern\",\"publisher\":{\"@id\":\"https:\/\/www.wunder-der-stadt.com\/#\/schema\/person\/7ac5370c8e8a38b0625e279f3af2d701\"},\"potentialAction\":[{\"@type\":\"SearchAction\",\"target\":{\"@type\":\"EntryPoint\",\"urlTemplate\":\"https:\/\/www.wunder-der-stadt.com\/?s={search_term_string}\"},\"query-input\":\"required name=search_term_string\"}],\"inLanguage\":\"en-US\"},{\"@type\":[\"Person\",\"Organization\"],\"@id\":\"https:\/\/www.wunder-der-stadt.com\/#\/schema\/person\/7ac5370c8e8a38b0625e279f3af2d701\",\"name\":\"Admin\",\"logo\":{\"@id\":\"https:\/\/www.wunder-der-stadt.com\/#\/schema\/person\/image\/\"}}]}<\/script>\n<!-- \/ Yoast SEO plugin. -->","yoast_head_json":{"title":"Munich & the National Socialism","robots":{"index":"index","follow":"follow","max-snippet":"max-snippet:-1","max-image-preview":"max-image-preview:large","max-video-preview":"max-video-preview:-1"},"canonical":"https:\/\/www.wunder-der-stadt.com\/tours\/munich-the-national-socialism\/","og_locale":"en_US","og_type":"article","og_title":"Munich & the National Socialism - Wunder der Stadt - Stadtf\u00fchrungen in M\u00fcnchen und Oberbayern","og_url":"https:\/\/www.wunder-der-stadt.com\/tours\/munich-the-national-socialism\/","og_site_name":"Wunder der Stadt - Stadtf\u00fchrungen in M\u00fcnchen und Oberbayern","article_modified_time":"2025-01-20T14:59:38+00:00","og_image":[{"width":1920,"height":2560,"url":"https:\/\/www.wunder-der-stadt.com\/wp-content\/uploads\/F\u00fchrerbau-scaled.jpg","type":"image\/jpeg"}],"twitter_card":"summary_large_image","twitter_misc":{"Est. reading time":"1 minute"},"schema":{"@context":"https:\/\/schema.org","@graph":[{"@type":"WebPage","@id":"https:\/\/www.wunder-der-stadt.com\/tours\/munich-the-national-socialism\/","url":"https:\/\/www.wunder-der-stadt.com\/tours\/munich-the-national-socialism\/","name":"Munich & the National Socialism","isPartOf":{"@id":"https:\/\/www.wunder-der-stadt.com\/#website"},"datePublished":"2020-06-25T14:45:42+00:00","dateModified":"2025-01-20T14:59:38+00:00","description":"City tour about Munich & the National socialism. A visit that takes you to the relevant historical places in Munich during the nazi regime","breadcrumb":{"@id":"https:\/\/www.wunder-der-stadt.com\/tours\/munich-the-national-socialism\/#breadcrumb"},"inLanguage":"en-US","potentialAction":[{"@type":"ReadAction","target":["https:\/\/www.wunder-der-stadt.com\/tours\/munich-the-national-socialism\/"]}]},{"@type":"BreadcrumbList","@id":"https:\/\/www.wunder-der-stadt.com\/tours\/munich-the-national-socialism\/#breadcrumb","itemListElement":[{"@type":"ListItem","position":1,"name":"Startseite","item":"https:\/\/www.wunder-der-stadt.com\/"},{"@type":"ListItem","position":2,"name":"Produkte","item":"https:\/\/www.wunder-der-stadt.com\/shop\/"},{"@type":"ListItem","position":3,"name":"Munich &#038; the National Socialism"}]},{"@type":"WebSite","@id":"https:\/\/www.wunder-der-stadt.com\/#website","url":"https:\/\/www.wunder-der-stadt.com\/","name":"{:de}Wunder der Stadt - Stadtf\u00fchrungen in M\u00fcnchen und Oberbayern{:}{:fr}Wunder der Stadt - Visites guid\u00e9es \u00e0 Munich et en Bavi\u00e8re{:}","description":"Ihre Agentur f\u00fcr Incomingreisen, Gesch\u00e4ftreisen, Stadtf\u00fchrungen und Privatreisen in M\u00fcnchen und Bayern","publisher":{"@id":"https:\/\/www.wunder-der-stadt.com\/#\/schema\/person\/7ac5370c8e8a38b0625e279f3af2d701"},"potentialAction":[{"@type":"SearchAction","target":{"@type":"EntryPoint","urlTemplate":"https:\/\/www.wunder-der-stadt.com\/?s={search_term_string}"},"query-input":"required name=search_term_string"}],"inLanguage":"en-US"},{"@type":["Person","Organization"],"@id":"https:\/\/www.wunder-der-stadt.com\/#\/schema\/person\/7ac5370c8e8a38b0625e279f3af2d701","name":"Admin","logo":{"@id":"https:\/\/www.wunder-der-stadt.com\/#\/schema\/person\/image\/"}}]}},"_links":{"self":[{"href":"https:\/\/www.wunder-der-stadt.com\/en\/wp-json\/wp\/v2\/product\/2354"}],"collection":[{"href":"https:\/\/www.wunder-der-stadt.com\/en\/wp-json\/wp\/v2\/product"}],"about":[{"href":"https:\/\/www.wunder-der-stadt.com\/en\/wp-json\/wp\/v2\/types\/product"}],"wp:featuredmedia":[{"embeddable":true,"href":"https:\/\/www.wunder-der-stadt.com\/en\/wp-json\/wp\/v2\/media\/2355"}],"wp:attachment":[{"href":"https:\/\/www.wunder-der-stadt.com\/en\/wp-json\/wp\/v2\/media?parent=2354"}],"wp:term":[{"taxonomy":"product_cat","embeddable":true,"href":"https:\/\/www.wunder-der-stadt.com\/en\/wp-json\/wp\/v2\/product_cat?post=2354"},{"taxonomy":"product_tag","embeddable":true,"href":"https:\/\/www.wunder-der-stadt.com\/en\/wp-json\/wp\/v2\/product_tag?post=2354"}],"curies":[{"name":"wp","href":"https:\/\/api.w.org\/{rel}","templated":true}]}}

<div id="conteneur">
<div id="visite">
<div id="texte_visite">
<p><span style="font-size: 14pt;"><strong>A city tour about the National Socialism in Munich<br />
</strong></span></p>
<pre id="tw-target-text" class="tw-data-text tw-text-large tw-ta" dir="ltr" data-placeholder="Übersetzung"><span lang="en" style="font-family: georgia, palatino, serif;">A visit that takes you to the historical places of Munich's Nazi past, the "capital of the movement" as Hitler himself 
called it then.

1923 Adolf Hitler tried in Munich for the first time to gain the political power. His military coup failed on 
the Odeon Square. 
Ten years later, he was elected in Berlin on January 30 1933, Chancellor of Germany. In Munich, 
the Nazi propaganda and Hitler's tourism are in full swing.

We follow in the trail of the dictator, from his first steps during speeches at the brewery 
"Zum Sternecker", passing by the house of photographer Hoffman where the first propaganda photos were taken. 
It will be the place where Hitler will meet the one who will become at the end his wife: Eva Brauen. We stop at the  
Bruckmann's villa, who supported the future dictator from the start. We go under the old city hall, 
where the "crystal night" started. A route that also takes us to the "Führerbau" - Hitler's office and to 
the site of the "Brown House" - the headquarter of the Nazi party - that the <a href="https://www.nsdoku.de/en/">new documentation center</a>, 
which had long been the subject of controversy, opened his doors.</span></pre>
<p><strong><em>You are particularly interested in the theme ?</em></strong></p>
<p>We suggest you a themed day on the history of the rise of Nazism, the resistance in Munich and a visit to the <a href="https://www.wunder-der-stadt.com/en/tours/dachau-concentration-camp-memorial-site/">Dachau concentration camp memorial site</a>.</p>
<p>You are a teacher and you want to deepen this topic  with your students ? Check our special offers for students here!</p>
</div>
</div>
</div>
<div id="tw-target-text-container" class="tw-ta-container tw-nfl" tabindex="0">
<pre id="tw-target-text" class="tw-data-text tw-text-large tw-ta" dir="ltr" data-placeholder="Übersetzung"></pre>
</div>
<p>[vc_row][vc_column][vc_btn title=&#8221;GET IN  TOUCH WITHE US&#8221; shape=&#8221;square&#8221; align=&#8221;left&#8221; link=&#8221;url:http%3A%2F%2Fwww.wunder-der-stadt.com%2Fkontakt%2F|||&#8221;]<br />
<!--more--></p>
<table class="table table-bordered tours-tabs__table" style="height: 233px;" width="862">
<tbody>
<tr>
<td><strong>Start</strong></td>
<td>flexible</td>
</tr>
<tr>
<td><b>Duration</b></td>
<td>max. 2 hours</td>
</tr>
<tr>
<td><b>Fare</b></td>
<td>
<p class="p1"><span class="s1">220,00€ /Group &#8211; 19% VAT included</span></p>
</td>
</tr>
<tr>
<td><strong>Number of participants<br />
</strong></td>
<td><span class="s1"> max. 25 persons</span></td>
</tr>
</tbody>
</table>
<p>&nbsp;</p>

<!-- This site is optimized with the Yoast SEO plugin v22.0 - https://yoast.com/wordpress/plugins/seo/ -->
<title>Munich &amp; the National Socialism</title>
<meta name="robots" content="index, follow, max-snippet:-1, max-image-preview:large, max-video-preview:-1" />
<link rel="canonical" href="https://www.wunder-der-stadt.com/tours/munich-the-national-socialism/" />
<meta property="og:locale" content="en_US" />
<meta property="og:type" content="article" />
<meta property="og:title" content="Munich &amp; the National Socialism - Wunder der Stadt - Stadtführungen in München und Oberbayern" />
<meta property="og:url" content="https://www.wunder-der-stadt.com/tours/munich-the-national-socialism/" />
<meta property="og:site_name" content="Wunder der Stadt - Stadtführungen in München und Oberbayern" />
<meta property="article:modified_time" content="2025-01-20T14:59:38+00:00" />
<meta property="og:image" content="https://www.wunder-der-stadt.com/wp-content/uploads/Führerbau-scaled.jpg" />
	<meta property="og:image:width" content="1920" />
	<meta property="og:image:height" content="2560" />
	<meta property="og:image:type" content="image/jpeg" />
<meta name="twitter:card" content="summary_large_image" />
<meta name="twitter:label1" content="Est. reading time" />
	<meta name="twitter:data1" content="1 minute" />
<script type="application/ld+json" class="yoast-schema-graph">{"@context":"https://schema.org","@graph":[{"@type":"WebPage","@id":"https://www.wunder-der-stadt.com/tours/munich-the-national-socialism/","url":"https://www.wunder-der-stadt.com/tours/munich-the-national-socialism/","name":"Munich & the National Socialism","isPartOf":{"@id":"https://www.wunder-der-stadt.com/#website"},"datePublished":"2020-06-25T14:45:42+00:00","dateModified":"2025-01-20T14:59:38+00:00","description":"City tour about Munich & the National socialism. A visit that takes you to the relevant historical places in Munich during the nazi regime","breadcrumb":{"@id":"https://www.wunder-der-stadt.com/tours/munich-the-national-socialism/#breadcrumb"},"inLanguage":"en-US","potentialAction":[{"@type":"ReadAction","target":["https://www.wunder-der-stadt.com/tours/munich-the-national-socialism/"]}]},{"@type":"BreadcrumbList","@id":"https://www.wunder-der-stadt.com/tours/munich-the-national-socialism/#breadcrumb","itemListElement":[{"@type":"ListItem","position":1,"name":"Startseite","item":"https://www.wunder-der-stadt.com/"},{"@type":"ListItem","position":2,"name":"Produkte","item":"https://www.wunder-der-stadt.com/shop/"},{"@type":"ListItem","position":3,"name":"Munich &#038; the National Socialism"}]},{"@type":"WebSite","@id":"https://www.wunder-der-stadt.com/#website","url":"https://www.wunder-der-stadt.com/","name":"{:de}Wunder der Stadt - Stadtführungen in München und Oberbayern{:}{:fr}Wunder der Stadt - Visites guidées à Munich et en Bavière{:}","description":"Ihre Agentur für Incomingreisen, Geschäftreisen, Stadtführungen und Privatreisen in München und Bayern","publisher":{"@id":"https://www.wunder-der-stadt.com/#/schema/person/7ac5370c8e8a38b0625e279f3af2d701"},"potentialAction":[{"@type":"SearchAction","target":{"@type":"EntryPoint","urlTemplate":"https://www.wunder-der-stadt.com/?s={search_term_string}"},"query-input":"required name=search_term_string"}],"inLanguage":"en-US"},{"@type":["Person","Organization"],"@id":"https://www.wunder-der-stadt.com/#/schema/person/7ac5370c8e8a38b0625e279f3af2d701","name":"Admin","logo":{"@id":"https://www.wunder-der-stadt.com/#/schema/person/image/"}}]}</script>
<!-- / Yoast SEO plugin. -->

Munich & the National Socialism - Wunder der Stadt - Stadtführungen in München und Oberbayern

Wunder der Stadt - Stadtführungen in München und Oberbayern

https://www.wunder-der-stadt.com/wp-content/uploads/Führerbau-scaled.jpg

{:de}Wunder der Stadt - Stadtführungen in München und Oberbayern{:}{:fr}Wunder der Stadt - Visites guidées à Munich et en Bavière{:}

Ihre Agentur für Incomingreisen, Geschäftreisen, Stadtführungen und Privatreisen in München und Bayern
