{"id":1659,"date":"2018-02-07T13:25:03","date_gmt":"2018-02-07T12:25:03","guid":{"rendered":"http:\/\/www.wunder-der-stadt.com\/wp-content\/uploads\/Heinrich-der-L\u00f6we-1.jpg"},"modified":"2018-02-07T13:25:03","modified_gmt":"2018-02-07T12:25:03","slug":"heinrich-der-loewe-2","status":"inherit","type":"attachment","link":"https:\/\/www.wunder-der-stadt.com\/fr\/?attachment_id=1659","title":{"rendered":"Heinrich der L\u00f6we"},"author":1,"comment_status":"open","ping_status":"closed","template":"","meta":[],"translation":{"provider":"WPGlobus","version":"3.0.2","language":"fr","enabled_languages":["de","en","fr","es"],"languages":{"de":{"title":true},"en":{"title":false},"fr":{"title":false},"es":{"title":false}}},"yoast_head":"<!-- This site is optimized with the Yoast SEO plugin v22.0 - https:\/\/yoast.com\/wordpress\/plugins\/seo\/ -->\n<title>Heinrich der L\u00f6we - Wunder der Stadt - Visites guid\u00e9es \u00e0 Munich et en Bavi\u00e8re<\/title>\n<meta name=\"robots\" content=\"index, follow, max-snippet:-1, max-image-preview:large, max-video-preview:-1\" \/>\n<link rel=\"canonical\" href=\"https:\/\/www.wunder-der-stadt.com\/wp-content\/uploads\/Heinrich-der-L\u00f6we-1.jpg\" \/>\n<meta property=\"og:locale\" content=\"fr_FR\" \/>\n<meta property=\"og:type\" content=\"article\" \/>\n<meta property=\"og:title\" content=\"Heinrich der L\u00f6we - Wunder der Stadt - Visites guid\u00e9es \u00e0 Munich et en Bavi\u00e8re\" \/>\n<meta property=\"og:url\" content=\"https:\/\/www.wunder-der-stadt.com\/wp-content\/uploads\/Heinrich-der-L\u00f6we-1.jpg\" \/>\n<meta property=\"og:site_name\" content=\"Wunder der Stadt - Visites guid\u00e9es \u00e0 Munich et en Bavi\u00e8re\" \/>\n<meta property=\"og:image\" content=\"https:\/\/www.wunder-der-stadt.com\/wp-content\/uploads\/Heinrich-der-L\u00f6we-1.jpg\" \/>\n\t<meta property=\"og:image:width\" content=\"1288\" \/>\n\t<meta property=\"og:image:height\" content=\"1936\" \/>\n\t<meta property=\"og:image:type\" content=\"image\/jpeg\" \/>\n<meta name=\"twitter:card\" content=\"summary_large_image\" \/>\n<script type=\"application\/ld+json\" class=\"yoast-schema-graph\">{\"@context\":\"https:\/\/schema.org\",\"@graph\":[{\"@type\":\"WebPage\",\"@id\":\"https:\/\/www.wunder-der-stadt.com\/wp-content\/uploads\/Heinrich-der-L\u00f6we-1.jpg\",\"url\":\"https:\/\/www.wunder-der-stadt.com\/wp-content\/uploads\/Heinrich-der-L\u00f6we-1.jpg\",\"name\":\"Heinrich der L\u00f6we - Wunder der Stadt - Visites guid\u00e9es \u00e0 Munich et en Bavi\u00e8re\",\"isPartOf\":{\"@id\":\"https:\/\/www.wunder-der-stadt.com\/#website\"},\"datePublished\":\"2018-02-07T12:25:03+00:00\",\"dateModified\":\"2018-02-07T12:25:03+00:00\",\"breadcrumb\":{\"@id\":\"https:\/\/www.wunder-der-stadt.com\/wp-content\/uploads\/Heinrich-der-L\u00f6we-1.jpg#breadcrumb\"},\"inLanguage\":\"fr-FR\",\"potentialAction\":[{\"@type\":\"ReadAction\",\"target\":[\"https:\/\/www.wunder-der-stadt.com\/wp-content\/uploads\/Heinrich-der-L\u00f6we-1.jpg\"]}]},{\"@type\":\"BreadcrumbList\",\"@id\":\"https:\/\/www.wunder-der-stadt.com\/wp-content\/uploads\/Heinrich-der-L\u00f6we-1.jpg#breadcrumb\",\"itemListElement\":[{\"@type\":\"ListItem\",\"position\":1,\"name\":\"Startseite\",\"item\":\"https:\/\/www.wunder-der-stadt.com\/\"},{\"@type\":\"ListItem\",\"position\":2,\"name\":\"Das M\u00fcnchner Stadtmuseum\",\"item\":\"https:\/\/www.wunder-der-stadt.com\/tours\/das-muenchner-stadtmuseum\/\"},{\"@type\":\"ListItem\",\"position\":3,\"name\":\"Heinrich der L\u00f6we\"}]},{\"@type\":\"WebSite\",\"@id\":\"https:\/\/www.wunder-der-stadt.com\/#website\",\"url\":\"https:\/\/www.wunder-der-stadt.com\/\",\"name\":\"{:de}Wunder der Stadt - Stadtf\u00fchrungen in M\u00fcnchen und Oberbayern{:}{:fr}Wunder der Stadt - Visites guid\u00e9es \u00e0 Munich et en Bavi\u00e8re{:}\",\"description\":\"Votre partenaire pour vos voyages d&#039;affaires, voyages priv\u00e9s \u00e0 Munich et en Bavi\u00e8re\",\"publisher\":{\"@id\":\"https:\/\/www.wunder-der-stadt.com\/#\/schema\/person\/7ac5370c8e8a38b0625e279f3af2d701\"},\"potentialAction\":[{\"@type\":\"SearchAction\",\"target\":{\"@type\":\"EntryPoint\",\"urlTemplate\":\"https:\/\/www.wunder-der-stadt.com\/?s={search_term_string}\"},\"query-input\":\"required name=search_term_string\"}],\"inLanguage\":\"fr-FR\"},{\"@type\":[\"Person\",\"Organization\"],\"@id\":\"https:\/\/www.wunder-der-stadt.com\/#\/schema\/person\/7ac5370c8e8a38b0625e279f3af2d701\",\"name\":\"Admin\",\"image\":{\"@type\":\"ImageObject\",\"inLanguage\":\"fr-FR\",\"@id\":\"https:\/\/www.wunder-der-stadt.com\/#\/schema\/person\/image\/\",\"url\":\"https:\/\/www.wunder-der-stadt.com\/wp-content\/uploads\/Heinrich-der-L\u00f6we-1.jpg\",\"contentUrl\":\"https:\/\/www.wunder-der-stadt.com\/wp-content\/uploads\/Heinrich-der-L\u00f6we-1.jpg\",\"width\":1288,\"height\":1936,\"caption\":\"Admin\"},\"logo\":{\"@id\":\"https:\/\/www.wunder-der-stadt.com\/#\/schema\/person\/image\/\"}}]}<\/script>\n<!-- \/ Yoast SEO plugin. -->","yoast_head_json":{"title":"Heinrich der L\u00f6we - Wunder der Stadt - Visites guid\u00e9es \u00e0 Munich et en Bavi\u00e8re","robots":{"index":"index","follow":"follow","max-snippet":"max-snippet:-1","max-image-preview":"max-image-preview:large","max-video-preview":"max-video-preview:-1"},"canonical":"https:\/\/www.wunder-der-stadt.com\/wp-content\/uploads\/Heinrich-der-L\u00f6we-1.jpg","og_locale":"fr_FR","og_type":"article","og_title":"Heinrich der L\u00f6we - Wunder der Stadt - Visites guid\u00e9es \u00e0 Munich et en Bavi\u00e8re","og_url":"https:\/\/www.wunder-der-stadt.com\/wp-content\/uploads\/Heinrich-der-L\u00f6we-1.jpg","og_site_name":"Wunder der Stadt - Visites guid\u00e9es \u00e0 Munich et en Bavi\u00e8re","og_image":[{"width":1288,"height":1936,"url":"https:\/\/www.wunder-der-stadt.com\/wp-content\/uploads\/Heinrich-der-L\u00f6we-1.jpg","type":"image\/jpeg"}],"twitter_card":"summary_large_image","schema":{"@context":"https:\/\/schema.org","@graph":[{"@type":"WebPage","@id":"https:\/\/www.wunder-der-stadt.com\/wp-content\/uploads\/Heinrich-der-L\u00f6we-1.jpg","url":"https:\/\/www.wunder-der-stadt.com\/wp-content\/uploads\/Heinrich-der-L\u00f6we-1.jpg","name":"Heinrich der L\u00f6we - Wunder der Stadt - Visites guid\u00e9es \u00e0 Munich et en Bavi\u00e8re","isPartOf":{"@id":"https:\/\/www.wunder-der-stadt.com\/#website"},"datePublished":"2018-02-07T12:25:03+00:00","dateModified":"2018-02-07T12:25:03+00:00","breadcrumb":{"@id":"https:\/\/www.wunder-der-stadt.com\/wp-content\/uploads\/Heinrich-der-L\u00f6we-1.jpg#breadcrumb"},"inLanguage":"fr-FR","potentialAction":[{"@type":"ReadAction","target":["https:\/\/www.wunder-der-stadt.com\/wp-content\/uploads\/Heinrich-der-L\u00f6we-1.jpg"]}]},{"@type":"BreadcrumbList","@id":"https:\/\/www.wunder-der-stadt.com\/wp-content\/uploads\/Heinrich-der-L\u00f6we-1.jpg#breadcrumb","itemListElement":[{"@type":"ListItem","position":1,"name":"Startseite","item":"https:\/\/www.wunder-der-stadt.com\/"},{"@type":"ListItem","position":2,"name":"Das M\u00fcnchner Stadtmuseum","item":"https:\/\/www.wunder-der-stadt.com\/tours\/das-muenchner-stadtmuseum\/"},{"@type":"ListItem","position":3,"name":"Heinrich der L\u00f6we"}]},{"@type":"WebSite","@id":"https:\/\/www.wunder-der-stadt.com\/#website","url":"https:\/\/www.wunder-der-stadt.com\/","name":"{:de}Wunder der Stadt - Stadtf\u00fchrungen in M\u00fcnchen und Oberbayern{:}{:fr}Wunder der Stadt - Visites guid\u00e9es \u00e0 Munich et en Bavi\u00e8re{:}","description":"Votre partenaire pour vos voyages d&#039;affaires, voyages priv\u00e9s \u00e0 Munich et en Bavi\u00e8re","publisher":{"@id":"https:\/\/www.wunder-der-stadt.com\/#\/schema\/person\/7ac5370c8e8a38b0625e279f3af2d701"},"potentialAction":[{"@type":"SearchAction","target":{"@type":"EntryPoint","urlTemplate":"https:\/\/www.wunder-der-stadt.com\/?s={search_term_string}"},"query-input":"required name=search_term_string"}],"inLanguage":"fr-FR"},{"@type":["Person","Organization"],"@id":"https:\/\/www.wunder-der-stadt.com\/#\/schema\/person\/7ac5370c8e8a38b0625e279f3af2d701","name":"Admin","image":{"@type":"ImageObject","inLanguage":"fr-FR","@id":"https:\/\/www.wunder-der-stadt.com\/#\/schema\/person\/image\/","url":"https:\/\/www.wunder-der-stadt.com\/wp-content\/uploads\/Heinrich-der-L\u00f6we-1.jpg","contentUrl":"https:\/\/www.wunder-der-stadt.com\/wp-content\/uploads\/Heinrich-der-L\u00f6we-1.jpg","width":1288,"height":1936,"caption":"Admin"},"logo":{"@id":"https:\/\/www.wunder-der-stadt.com\/#\/schema\/person\/image\/"}}]}},"description":{"rendered":"<p class=\"attachment\"><a href='https:\/\/www.wunder-der-stadt.com\/wp-content\/uploads\/Heinrich-der-L\u00f6we-1.jpg'><img loading=\"lazy\" decoding=\"async\" width=\"200\" height=\"300\" src=\"https:\/\/www.wunder-der-stadt.com\/wp-content\/uploads\/Heinrich-der-L\u00f6we-1-200x300.jpg\" class=\"attachment-medium size-medium\" alt=\"\" srcset=\"https:\/\/www.wunder-der-stadt.com\/wp-content\/uploads\/Heinrich-der-L\u00f6we-1-200x300.jpg 200w, https:\/\/www.wunder-der-stadt.com\/wp-content\/uploads\/Heinrich-der-L\u00f6we-1-600x902.jpg 600w, https:\/\/www.wunder-der-stadt.com\/wp-content\/uploads\/Heinrich-der-L\u00f6we-1-768x1154.jpg 768w, https:\/\/www.wunder-der-stadt.com\/wp-content\/uploads\/Heinrich-der-L\u00f6we-1-681x1024.jpg 681w, https:\/\/www.wunder-der-stadt.com\/wp-content\/uploads\/Heinrich-der-L\u00f6we-1.jpg 1288w\" sizes=\"(max-width: 200px) 100vw, 200px\" \/><\/a><\/p>\n"},"caption":{"rendered":""},"alt_text":"","media_type":"image","mime_type":"image\/jpeg","media_details":{"width":1288,"height":1936,"file":"Heinrich-der-L\u00f6we-1.jpg","sizes":{"woocommerce_thumbnail":{"file":"Heinrich-der-L\u00f6we-1-531x354.jpg","width":531,"height":354,"uncropped":false,"mime_type":"image\/jpeg","source_url":"https:\/\/www.wunder-der-stadt.com\/wp-content\/uploads\/Heinrich-der-L\u00f6we-1-531x354.jpg"},"woocommerce_gallery_thumbnail":{"file":"Heinrich-der-L\u00f6we-1-180x120.jpg","width":180,"height":120,"mime_type":"image\/jpeg","source_url":"https:\/\/www.wunder-der-stadt.com\/wp-content\/uploads\/Heinrich-der-L\u00f6we-1-180x120.jpg"},"woocommerce_single":{"file":"Heinrich-der-L\u00f6we-1-600x902.jpg","width":600,"height":902,"mime_type":"image\/jpeg","source_url":"https:\/\/www.wunder-der-stadt.com\/wp-content\/uploads\/Heinrich-der-L\u00f6we-1-600x902.jpg"},"thumbnail":{"file":"Heinrich-der-L\u00f6we-1-150x150.jpg","width":150,"height":150,"mime_type":"image\/jpeg","source_url":"https:\/\/www.wunder-der-stadt.com\/wp-content\/uploads\/Heinrich-der-L\u00f6we-1-150x150.jpg"},"medium":{"file":"Heinrich-der-L\u00f6we-1-200x300.jpg","width":200,"height":300,"mime_type":"image\/jpeg","source_url":"https:\/\/www.wunder-der-stadt.com\/wp-content\/uploads\/Heinrich-der-L\u00f6we-1-200x300.jpg"},"medium_large":{"file":"Heinrich-der-L\u00f6we-1-768x1154.jpg","width":768,"height":1154,"mime_type":"image\/jpeg","source_url":"https:\/\/www.wunder-der-stadt.com\/wp-content\/uploads\/Heinrich-der-L\u00f6we-1-768x1154.jpg"},"large":{"file":"Heinrich-der-L\u00f6we-1-681x1024.jpg","width":681,"height":1024,"mime_type":"image\/jpeg","source_url":"https:\/\/www.wunder-der-stadt.com\/wp-content\/uploads\/Heinrich-der-L\u00f6we-1-681x1024.jpg"},"shop_thumbnail":{"file":"Heinrich-der-L\u00f6we-1-180x120.jpg","width":180,"height":120,"mime_type":"image\/jpeg","source_url":"https:\/\/www.wunder-der-stadt.com\/wp-content\/uploads\/Heinrich-der-L\u00f6we-1-180x120.jpg"},"shop_catalog":{"file":"Heinrich-der-L\u00f6we-1-531x354.jpg","width":531,"height":354,"uncropped":false,"mime_type":"image\/jpeg","source_url":"https:\/\/www.wunder-der-stadt.com\/wp-content\/uploads\/Heinrich-der-L\u00f6we-1-531x354.jpg"},"shop_single":{"file":"Heinrich-der-L\u00f6we-1-600x902.jpg","width":600,"height":902,"mime_type":"image\/jpeg","source_url":"https:\/\/www.wunder-der-stadt.com\/wp-content\/uploads\/Heinrich-der-L\u00f6we-1-600x902.jpg"},"full":{"file":"Heinrich-der-L\u00f6we-1.jpg","width":1288,"height":1936,"mime_type":"image\/jpeg","source_url":"https:\/\/www.wunder-der-stadt.com\/wp-content\/uploads\/Heinrich-der-L\u00f6we-1.jpg"}},"image_meta":{"aperture":"7.1","credit":"","camera":"Canon EOS 400D DIGITAL","caption":"","created_timestamp":"1289305687","copyright":"","focal_length":"162","iso":"100","shutter_speed":"0.004","title":"","orientation":"1","keywords":[]}},"post":1503,"source_url":"https:\/\/www.wunder-der-stadt.com\/wp-content\/uploads\/Heinrich-der-L\u00f6we-1.jpg","_links":{"self":[{"href":"https:\/\/www.wunder-der-stadt.com\/fr\/wp-json\/wp\/v2\/media\/1659"}],"collection":[{"href":"https:\/\/www.wunder-der-stadt.com\/fr\/wp-json\/wp\/v2\/media"}],"about":[{"href":"https:\/\/www.wunder-der-stadt.com\/fr\/wp-json\/wp\/v2\/types\/attachment"}],"author":[{"embeddable":true,"href":"https:\/\/www.wunder-der-stadt.com\/fr\/wp-json\/wp\/v2\/users\/1"}],"replies":[{"embeddable":true,"href":"https:\/\/www.wunder-der-stadt.com\/fr\/wp-json\/wp\/v2\/comments?post=1659"}]}}

http://www.wunder-der-stadt.com/wp-content/uploads/Heinrich-der-Löwe-1.jpg

Heinrich der Löwe

<!-- This site is optimized with the Yoast SEO plugin v22.0 - https://yoast.com/wordpress/plugins/seo/ -->
<title>Heinrich der Löwe - Wunder der Stadt - Visites guidées à Munich et en Bavière</title>
<meta name="robots" content="index, follow, max-snippet:-1, max-image-preview:large, max-video-preview:-1" />
<link rel="canonical" href="https://www.wunder-der-stadt.com/wp-content/uploads/Heinrich-der-Löwe-1.jpg" />
<meta property="og:locale" content="fr_FR" />
<meta property="og:type" content="article" />
<meta property="og:title" content="Heinrich der Löwe - Wunder der Stadt - Visites guidées à Munich et en Bavière" />
<meta property="og:url" content="https://www.wunder-der-stadt.com/wp-content/uploads/Heinrich-der-Löwe-1.jpg" />
<meta property="og:site_name" content="Wunder der Stadt - Visites guidées à Munich et en Bavière" />
<meta property="og:image" content="https://www.wunder-der-stadt.com/wp-content/uploads/Heinrich-der-Löwe-1.jpg" />
	<meta property="og:image:width" content="1288" />
	<meta property="og:image:height" content="1936" />
	<meta property="og:image:type" content="image/jpeg" />
<meta name="twitter:card" content="summary_large_image" />
<script type="application/ld+json" class="yoast-schema-graph">{"@context":"https://schema.org","@graph":[{"@type":"WebPage","@id":"https://www.wunder-der-stadt.com/wp-content/uploads/Heinrich-der-Löwe-1.jpg","url":"https://www.wunder-der-stadt.com/wp-content/uploads/Heinrich-der-Löwe-1.jpg","name":"Heinrich der Löwe - Wunder der Stadt - Visites guidées à Munich et en Bavière","isPartOf":{"@id":"https://www.wunder-der-stadt.com/#website"},"datePublished":"2018-02-07T12:25:03+00:00","dateModified":"2018-02-07T12:25:03+00:00","breadcrumb":{"@id":"https://www.wunder-der-stadt.com/wp-content/uploads/Heinrich-der-Löwe-1.jpg#breadcrumb"},"inLanguage":"fr-FR","potentialAction":[{"@type":"ReadAction","target":["https://www.wunder-der-stadt.com/wp-content/uploads/Heinrich-der-Löwe-1.jpg"]}]},{"@type":"BreadcrumbList","@id":"https://www.wunder-der-stadt.com/wp-content/uploads/Heinrich-der-Löwe-1.jpg#breadcrumb","itemListElement":[{"@type":"ListItem","position":1,"name":"Startseite","item":"https://www.wunder-der-stadt.com/"},{"@type":"ListItem","position":2,"name":"Das Münchner Stadtmuseum","item":"https://www.wunder-der-stadt.com/tours/das-muenchner-stadtmuseum/"},{"@type":"ListItem","position":3,"name":"Heinrich der Löwe"}]},{"@type":"WebSite","@id":"https://www.wunder-der-stadt.com/#website","url":"https://www.wunder-der-stadt.com/","name":"{:de}Wunder der Stadt - Stadtführungen in München und Oberbayern{:}{:fr}Wunder der Stadt - Visites guidées à Munich et en Bavière{:}","description":"Votre partenaire pour vos voyages d&#039;affaires, voyages privés à Munich et en Bavière","publisher":{"@id":"https://www.wunder-der-stadt.com/#/schema/person/7ac5370c8e8a38b0625e279f3af2d701"},"potentialAction":[{"@type":"SearchAction","target":{"@type":"EntryPoint","urlTemplate":"https://www.wunder-der-stadt.com/?s={search_term_string}"},"query-input":"required name=search_term_string"}],"inLanguage":"fr-FR"},{"@type":["Person","Organization"],"@id":"https://www.wunder-der-stadt.com/#/schema/person/7ac5370c8e8a38b0625e279f3af2d701","name":"Admin","image":{"@type":"ImageObject","inLanguage":"fr-FR","@id":"https://www.wunder-der-stadt.com/#/schema/person/image/","url":"https://www.wunder-der-stadt.com/wp-content/uploads/Heinrich-der-Löwe-1.jpg","contentUrl":"https://www.wunder-der-stadt.com/wp-content/uploads/Heinrich-der-Löwe-1.jpg","width":1288,"height":1936,"caption":"Admin"},"logo":{"@id":"https://www.wunder-der-stadt.com/#/schema/person/image/"}}]}</script>
<!-- / Yoast SEO plugin. -->

Heinrich der Löwe - Wunder der Stadt - Visites guidées à Munich et en Bavière

https://www.wunder-der-stadt.com/wp-content/uploads/Heinrich-der-Löwe-1.jpg

Wunder der Stadt - Visites guidées à Munich et en Bavière

https://www.wunder-der-stadt.com/wp-content/uploads/Heinrich-der-Löwe-1.jpg#breadcrumb

Das Münchner Stadtmuseum

{:de}Wunder der Stadt - Stadtführungen in München und Oberbayern{:}{:fr}Wunder der Stadt - Visites guidées à Munich et en Bavière{:}

Votre partenaire pour vos voyages d&#039;affaires, voyages privés à Munich et en Bavière

<p class="attachment"><a href='https://www.wunder-der-stadt.com/wp-content/uploads/Heinrich-der-Löwe-1.jpg'><img loading="lazy" decoding="async" width="200" height="300" src="https://www.wunder-der-stadt.com/wp-content/uploads/Heinrich-der-Löwe-1-200x300.jpg" class="attachment-medium size-medium" alt="" srcset="https://www.wunder-der-stadt.com/wp-content/uploads/Heinrich-der-Löwe-1-200x300.jpg 200w, https://www.wunder-der-stadt.com/wp-content/uploads/Heinrich-der-Löwe-1-600x902.jpg 600w, https://www.wunder-der-stadt.com/wp-content/uploads/Heinrich-der-Löwe-1-768x1154.jpg 768w, https://www.wunder-der-stadt.com/wp-content/uploads/Heinrich-der-Löwe-1-681x1024.jpg 681w, https://www.wunder-der-stadt.com/wp-content/uploads/Heinrich-der-Löwe-1.jpg 1288w" sizes="(max-width: 200px) 100vw, 200px" /></a></p>

Heinrich-der-Löwe-1.jpg

Heinrich-der-Löwe-1-531x354.jpg

https://www.wunder-der-stadt.com/wp-content/uploads/Heinrich-der-Löwe-1-531x354.jpg

Heinrich-der-Löwe-1-180x120.jpg

https://www.wunder-der-stadt.com/wp-content/uploads/Heinrich-der-Löwe-1-180x120.jpg

Heinrich-der-Löwe-1-600x902.jpg

https://www.wunder-der-stadt.com/wp-content/uploads/Heinrich-der-Löwe-1-600x902.jpg

Heinrich-der-Löwe-1-150x150.jpg

https://www.wunder-der-stadt.com/wp-content/uploads/Heinrich-der-Löwe-1-150x150.jpg

Heinrich-der-Löwe-1-200x300.jpg

https://www.wunder-der-stadt.com/wp-content/uploads/Heinrich-der-Löwe-1-200x300.jpg

Heinrich-der-Löwe-1-768x1154.jpg

https://www.wunder-der-stadt.com/wp-content/uploads/Heinrich-der-Löwe-1-768x1154.jpg

Heinrich-der-Löwe-1-681x1024.jpg

https://www.wunder-der-stadt.com/wp-content/uploads/Heinrich-der-Löwe-1-681x1024.jpg
