{"id":1813,"date":"2018-03-22T14:22:45","date_gmt":"2018-03-22T13:22:45","guid":{"rendered":"http:\/\/www.wunder-der-stadt.com\/?post_type=product&#038;p=1813"},"modified":"2023-12-01T12:45:57","modified_gmt":"2023-12-01T11:45:57","slug":"visite-panoramique-en-autocar","status":"publish","type":"product","link":"https:\/\/www.wunder-der-stadt.com\/fr\/tours\/visite-panoramique-en-autocar\/","title":{"rendered":"Munich classique &#8211; circuit panoramique en autocar"},"content":{"rendered":"<div id=\"conteneur\">\n<div id=\"visite\">\n<div id=\"texte_visite\">\n<p><strong><span style=\"font-size: 14pt;\">Une visite panoramique en autocar :<\/span><\/strong><\/p>\n<p>Une visite panoramique de <a href=\"https:\/\/www.wunder-der-stadt.com\/fr\/tours\/munich-860-ans-dhistoire-en-2-heures-de-visite\/\">Munich<\/a> qui permet d&#8217;embrasser la richesse patrimoniale de la capitale de la Bavi\u00e8re. Cette ville ducale, royale et imp\u00e9riale regorge de superbes avenues repr\u00e9sentatives, de places accueillantes et de monuments impressionants.<\/p>\n<p>Nous flanons tranquillement en autocar le long du <a href=\"https:\/\/www.viktualienmarkt-muenchen.de\/\">march\u00e9 aux victuailles<\/a>, de la place Charles avec le palais de justice, nous faisons le tour des pinacoth\u00e8ques,\u00a0 de la place royale avec la Glypthot\u00e8que et les Propyl\u00e9es. Une pause photos s&#8217;impose au superbe ch\u00e2teau de Nymphenburg &#8211; r\u00e9sidence des ducs et rois de Bavi\u00e8re mais aussi de l&#8217;empereur fran\u00e7ais Napol\u00e9on &#8211; puis nous repartons vers le parc olympique de 1972, le monde de BMW. Nous d\u00e9scendons l&#8217;avenue Louis Ier de Bavi\u00e8re en passant par la place de l&#8217;Od\u00e9on et l&#8217;avenue Maximilien , la place Max-Josef et bien plus encore&#8230;<\/p>\n<\/div>\n<p>Ce tour panoramique en autocar est particuli\u00e8rement adapt\u00e9 aux personnes \u00e0 mobilit\u00e9 r\u00e9duite. Tout le monde peut d\u00e9couvrir l&#8217;histoire et les beaut\u00e9s de la ville durant cette visite.<\/p>\n<div id=\"texte_visite\">\n<p>&nbsp;<\/p>\n<\/div>\n<\/div>\n<\/div>\n<p>&nbsp;<\/p>\n<p><!--more--><\/p>\n<table class=\"table table-bordered tours-tabs__table\" style=\"height: 233px;\" width=\"862\">\n<tbody>\n<tr>\n<td><strong>D\u00e9part<\/strong><\/td>\n<td>variable<\/td>\n<\/tr>\n<tr>\n<td><b>Dur\u00e9e<\/b><\/td>\n<td>max. 2 heures<\/td>\n<\/tr>\n<tr>\n<td><b>Tarif<\/b><\/td>\n<td>220,00\u20ac \u2013 19% de TVA inclue<\/td>\n<\/tr>\n<tr>\n<td><strong>Nombre de participants<br \/>\n<\/strong><\/td>\n<td>Groupe<\/td>\n<\/tr>\n<tr>\n<td><b>Pas compris dans le tarif<br \/>\n<\/b><\/td>\n<td>\n<table class=\"table table-bordered\" style=\"height: 62px;\" width=\"300\">\n<tbody>\n<tr>\n<td><i class=\"fa fa-times icon-tick icon-tick--off\"><\/i>Location d&#8217;un autocar (sur demande)<\/td>\n<\/tr>\n<\/tbody>\n<\/table>\n<\/td>\n<\/tr>\n<\/tbody>\n<\/table>\n<p>&nbsp;<\/p>\n","protected":false},"excerpt":{"rendered":"<p>Une visite panoramique en autocar : Une visite panoramique de Munich qui permet d&#8217;embrasser la richesse patrimoniale de la capitale de la Bavi\u00e8re. Cette ville ducale, royale et imp\u00e9riale regorge de superbes avenues repr\u00e9sentatives, de places accueillantes et de monuments impressionants. Nous flanons tranquillement en autocar le long du march\u00e9 aux victuailles, de la place<\/p>\n<div class=\"padding-top text-center\"><a href=\"https:\/\/www.wunder-der-stadt.com\/fr\/tours\/visite-panoramique-en-autocar\/\" class=\"atbtn atbtn--medium atbtn--rounded atbtn--transparent\">Weiterlesen<i class=\"atbtn__icon atbtn__icon--right fa fa-long-arrow-right\"><\/i><\/a><\/div>\n","protected":false},"featured_media":1372,"template":"","meta":[],"product_cat":[103],"product_tag":[81],"translation":{"provider":"WPGlobus","version":"3.0.2","language":"fr","enabled_languages":["de","en","fr","es"],"languages":{"de":{"title":true,"content":true,"excerpt":false},"en":{"title":false,"content":false,"excerpt":false},"fr":{"title":false,"content":false,"excerpt":false},"es":{"title":false,"content":false,"excerpt":false}}},"yoast_head":"<!-- This site is optimized with the Yoast SEO plugin v22.0 - https:\/\/yoast.com\/wordpress\/plugins\/seo\/ -->\n<title>Visite panoramique en autocar<\/title>\n<meta name=\"robots\" content=\"index, follow, max-snippet:-1, max-image-preview:large, max-video-preview:-1\" \/>\n<link rel=\"canonical\" href=\"https:\/\/www.wunder-der-stadt.com\/tours\/visite-panoramique-en-autocar\/\" \/>\n<meta property=\"og:locale\" content=\"fr_FR\" \/>\n<meta property=\"og:type\" content=\"article\" \/>\n<meta property=\"og:title\" content=\"Munich classique - circuit panoramique en autocar - Wunder der Stadt - Visites guid\u00e9es \u00e0 Munich et en Bavi\u00e8re\" \/>\n<meta property=\"og:url\" content=\"https:\/\/www.wunder-der-stadt.com\/tours\/visite-panoramique-en-autocar\/\" \/>\n<meta property=\"og:site_name\" content=\"Wunder der Stadt - Visites guid\u00e9es \u00e0 Munich et en Bavi\u00e8re\" \/>\n<meta property=\"article:modified_time\" content=\"2023-12-01T11:45:57+00:00\" \/>\n<meta property=\"og:image\" content=\"https:\/\/www.wunder-der-stadt.com\/wp-content\/uploads\/Nr.-0614-Muenchner-Marienplatz-mit-Neuem-Rathaus-und-Frauenkirche-C.-Reiter-scaled.jpg\" \/>\n\t<meta property=\"og:image:width\" content=\"2525\" \/>\n\t<meta property=\"og:image:height\" content=\"2560\" \/>\n\t<meta property=\"og:image:type\" content=\"image\/jpeg\" \/>\n<meta name=\"twitter:card\" content=\"summary_large_image\" \/>\n<meta name=\"twitter:label1\" content=\"Est. reading time\" \/>\n\t<meta name=\"twitter:data1\" content=\"2 minutes\" \/>\n<script type=\"application\/ld+json\" class=\"yoast-schema-graph\">{\"@context\":\"https:\/\/schema.org\",\"@graph\":[{\"@type\":\"WebPage\",\"@id\":\"https:\/\/www.wunder-der-stadt.com\/tours\/visite-panoramique-en-autocar\/\",\"url\":\"https:\/\/www.wunder-der-stadt.com\/tours\/visite-panoramique-en-autocar\/\",\"name\":\"Visite panoramique en autocar\",\"isPartOf\":{\"@id\":\"https:\/\/www.wunder-der-stadt.com\/#website\"},\"datePublished\":\"2018-03-22T13:22:45+00:00\",\"dateModified\":\"2023-12-01T11:45:57+00:00\",\"description\":\"Une visite panoramique en autocar qui permet d'embrasser la richesse patrimoniale et culturelle de la capitale de la Bavi\u00e8re.\",\"breadcrumb\":{\"@id\":\"https:\/\/www.wunder-der-stadt.com\/tours\/visite-panoramique-en-autocar\/#breadcrumb\"},\"inLanguage\":\"fr-FR\",\"potentialAction\":[{\"@type\":\"ReadAction\",\"target\":[\"https:\/\/www.wunder-der-stadt.com\/tours\/visite-panoramique-en-autocar\/\"]}]},{\"@type\":\"BreadcrumbList\",\"@id\":\"https:\/\/www.wunder-der-stadt.com\/tours\/visite-panoramique-en-autocar\/#breadcrumb\",\"itemListElement\":[{\"@type\":\"ListItem\",\"position\":1,\"name\":\"Startseite\",\"item\":\"https:\/\/www.wunder-der-stadt.com\/\"},{\"@type\":\"ListItem\",\"position\":2,\"name\":\"Produkte\",\"item\":\"https:\/\/www.wunder-der-stadt.com\/shop\/\"},{\"@type\":\"ListItem\",\"position\":3,\"name\":\"Munich classique &#8211; circuit panoramique en autocar\"}]},{\"@type\":\"WebSite\",\"@id\":\"https:\/\/www.wunder-der-stadt.com\/#website\",\"url\":\"https:\/\/www.wunder-der-stadt.com\/\",\"name\":\"{:de}Wunder der Stadt - Stadtf\u00fchrungen in M\u00fcnchen und Oberbayern{:}{:fr}Wunder der Stadt - Visites guid\u00e9es \u00e0 Munich et en Bavi\u00e8re{:}\",\"description\":\"Votre partenaire pour vos voyages d&#039;affaires, voyages priv\u00e9s \u00e0 Munich et en Bavi\u00e8re\",\"publisher\":{\"@id\":\"https:\/\/www.wunder-der-stadt.com\/#\/schema\/person\/7ac5370c8e8a38b0625e279f3af2d701\"},\"potentialAction\":[{\"@type\":\"SearchAction\",\"target\":{\"@type\":\"EntryPoint\",\"urlTemplate\":\"https:\/\/www.wunder-der-stadt.com\/?s={search_term_string}\"},\"query-input\":\"required name=search_term_string\"}],\"inLanguage\":\"fr-FR\"},{\"@type\":[\"Person\",\"Organization\"],\"@id\":\"https:\/\/www.wunder-der-stadt.com\/#\/schema\/person\/7ac5370c8e8a38b0625e279f3af2d701\",\"name\":\"Admin\",\"logo\":{\"@id\":\"https:\/\/www.wunder-der-stadt.com\/#\/schema\/person\/image\/\"}}]}<\/script>\n<!-- \/ Yoast SEO plugin. -->","yoast_head_json":{"title":"Visite panoramique en autocar","robots":{"index":"index","follow":"follow","max-snippet":"max-snippet:-1","max-image-preview":"max-image-preview:large","max-video-preview":"max-video-preview:-1"},"canonical":"https:\/\/www.wunder-der-stadt.com\/tours\/visite-panoramique-en-autocar\/","og_locale":"fr_FR","og_type":"article","og_title":"Munich classique - circuit panoramique en autocar - Wunder der Stadt - Visites guid\u00e9es \u00e0 Munich et en Bavi\u00e8re","og_url":"https:\/\/www.wunder-der-stadt.com\/tours\/visite-panoramique-en-autocar\/","og_site_name":"Wunder der Stadt - Visites guid\u00e9es \u00e0 Munich et en Bavi\u00e8re","article_modified_time":"2023-12-01T11:45:57+00:00","og_image":[{"width":2525,"height":2560,"url":"https:\/\/www.wunder-der-stadt.com\/wp-content\/uploads\/Nr.-0614-Muenchner-Marienplatz-mit-Neuem-Rathaus-und-Frauenkirche-C.-Reiter-scaled.jpg","type":"image\/jpeg"}],"twitter_card":"summary_large_image","twitter_misc":{"Est. reading time":"2 minutes"},"schema":{"@context":"https:\/\/schema.org","@graph":[{"@type":"WebPage","@id":"https:\/\/www.wunder-der-stadt.com\/tours\/visite-panoramique-en-autocar\/","url":"https:\/\/www.wunder-der-stadt.com\/tours\/visite-panoramique-en-autocar\/","name":"Visite panoramique en autocar","isPartOf":{"@id":"https:\/\/www.wunder-der-stadt.com\/#website"},"datePublished":"2018-03-22T13:22:45+00:00","dateModified":"2023-12-01T11:45:57+00:00","description":"Une visite panoramique en autocar qui permet d'embrasser la richesse patrimoniale et culturelle de la capitale de la Bavi\u00e8re.","breadcrumb":{"@id":"https:\/\/www.wunder-der-stadt.com\/tours\/visite-panoramique-en-autocar\/#breadcrumb"},"inLanguage":"fr-FR","potentialAction":[{"@type":"ReadAction","target":["https:\/\/www.wunder-der-stadt.com\/tours\/visite-panoramique-en-autocar\/"]}]},{"@type":"BreadcrumbList","@id":"https:\/\/www.wunder-der-stadt.com\/tours\/visite-panoramique-en-autocar\/#breadcrumb","itemListElement":[{"@type":"ListItem","position":1,"name":"Startseite","item":"https:\/\/www.wunder-der-stadt.com\/"},{"@type":"ListItem","position":2,"name":"Produkte","item":"https:\/\/www.wunder-der-stadt.com\/shop\/"},{"@type":"ListItem","position":3,"name":"Munich classique &#8211; circuit panoramique en autocar"}]},{"@type":"WebSite","@id":"https:\/\/www.wunder-der-stadt.com\/#website","url":"https:\/\/www.wunder-der-stadt.com\/","name":"{:de}Wunder der Stadt - Stadtf\u00fchrungen in M\u00fcnchen und Oberbayern{:}{:fr}Wunder der Stadt - Visites guid\u00e9es \u00e0 Munich et en Bavi\u00e8re{:}","description":"Votre partenaire pour vos voyages d&#039;affaires, voyages priv\u00e9s \u00e0 Munich et en Bavi\u00e8re","publisher":{"@id":"https:\/\/www.wunder-der-stadt.com\/#\/schema\/person\/7ac5370c8e8a38b0625e279f3af2d701"},"potentialAction":[{"@type":"SearchAction","target":{"@type":"EntryPoint","urlTemplate":"https:\/\/www.wunder-der-stadt.com\/?s={search_term_string}"},"query-input":"required name=search_term_string"}],"inLanguage":"fr-FR"},{"@type":["Person","Organization"],"@id":"https:\/\/www.wunder-der-stadt.com\/#\/schema\/person\/7ac5370c8e8a38b0625e279f3af2d701","name":"Admin","logo":{"@id":"https:\/\/www.wunder-der-stadt.com\/#\/schema\/person\/image\/"}}]}},"_links":{"self":[{"href":"https:\/\/www.wunder-der-stadt.com\/fr\/wp-json\/wp\/v2\/product\/1813"}],"collection":[{"href":"https:\/\/www.wunder-der-stadt.com\/fr\/wp-json\/wp\/v2\/product"}],"about":[{"href":"https:\/\/www.wunder-der-stadt.com\/fr\/wp-json\/wp\/v2\/types\/product"}],"wp:featuredmedia":[{"embeddable":true,"href":"https:\/\/www.wunder-der-stadt.com\/fr\/wp-json\/wp\/v2\/media\/1372"}],"wp:attachment":[{"href":"https:\/\/www.wunder-der-stadt.com\/fr\/wp-json\/wp\/v2\/media?parent=1813"}],"wp:term":[{"taxonomy":"product_cat","embeddable":true,"href":"https:\/\/www.wunder-der-stadt.com\/fr\/wp-json\/wp\/v2\/product_cat?post=1813"},{"taxonomy":"product_tag","embeddable":true,"href":"https:\/\/www.wunder-der-stadt.com\/fr\/wp-json\/wp\/v2\/product_tag?post=1813"}],"curies":[{"name":"wp","href":"https:\/\/api.w.org\/{rel}","templated":true}]}}

<div id="conteneur">
<div id="visite">
<div id="texte_visite">
<p><strong><span style="font-size: 14pt;">Une visite panoramique en autocar :</span></strong></p>
<p>Une visite panoramique de <a href="https://www.wunder-der-stadt.com/fr/tours/munich-860-ans-dhistoire-en-2-heures-de-visite/">Munich</a> qui permet d&#8217;embrasser la richesse patrimoniale de la capitale de la Bavière. Cette ville ducale, royale et impériale regorge de superbes avenues représentatives, de places accueillantes et de monuments impressionants.</p>
<p>Nous flanons tranquillement en autocar le long du <a href="https://www.viktualienmarkt-muenchen.de/">marché aux victuailles</a>, de la place Charles avec le palais de justice, nous faisons le tour des pinacothèques,  de la place royale avec la Glypthotèque et les Propylées. Une pause photos s&#8217;impose au superbe château de Nymphenburg &#8211; résidence des ducs et rois de Bavière mais aussi de l&#8217;empereur français Napoléon &#8211; puis nous repartons vers le parc olympique de 1972, le monde de BMW. Nous déscendons l&#8217;avenue Louis Ier de Bavière en passant par la place de l&#8217;Odéon et l&#8217;avenue Maximilien , la place Max-Josef et bien plus encore&#8230;</p>
</div>
<p>Ce tour panoramique en autocar est particulièrement adapté aux personnes à mobilité réduite. Tout le monde peut découvrir l&#8217;histoire et les beautés de la ville durant cette visite.</p>
<div id="texte_visite">
<p>&nbsp;</p>
</div>
</div>
</div>
<p>&nbsp;</p>
<p><!--more--></p>
<table class="table table-bordered tours-tabs__table" style="height: 233px;" width="862">
<tbody>
<tr>
<td><strong>Départ</strong></td>
<td>variable</td>
</tr>
<tr>
<td><b>Durée</b></td>
<td>max. 2 heures</td>
</tr>
<tr>
<td><b>Tarif</b></td>
<td>220,00€ – 19% de TVA inclue</td>
</tr>
<tr>
<td><strong>Nombre de participants<br />
</strong></td>
<td>Groupe</td>
</tr>
<tr>
<td><b>Pas compris dans le tarif<br />
</b></td>
<td>
<table class="table table-bordered" style="height: 62px;" width="300">
<tbody>
<tr>
<td><i class="fa fa-times icon-tick icon-tick--off"></i>Location d&#8217;un autocar (sur demande)</td>
</tr>
</tbody>
</table>
</td>
</tr>
</tbody>
</table>
<p>&nbsp;</p>

<p>Une visite panoramique en autocar : Une visite panoramique de Munich qui permet d&#8217;embrasser la richesse patrimoniale de la capitale de la Bavière. Cette ville ducale, royale et impériale regorge de superbes avenues représentatives, de places accueillantes et de monuments impressionants. Nous flanons tranquillement en autocar le long du marché aux victuailles, de la place</p>
<div class="padding-top text-center"><a href="https://www.wunder-der-stadt.com/fr/tours/visite-panoramique-en-autocar/" class="atbtn atbtn--medium atbtn--rounded atbtn--transparent">Weiterlesen<i class="atbtn__icon atbtn__icon--right fa fa-long-arrow-right"></i></a></div>

<!-- This site is optimized with the Yoast SEO plugin v22.0 - https://yoast.com/wordpress/plugins/seo/ -->
<title>Visite panoramique en autocar</title>
<meta name="robots" content="index, follow, max-snippet:-1, max-image-preview:large, max-video-preview:-1" />
<link rel="canonical" href="https://www.wunder-der-stadt.com/tours/visite-panoramique-en-autocar/" />
<meta property="og:locale" content="fr_FR" />
<meta property="og:type" content="article" />
<meta property="og:title" content="Munich classique - circuit panoramique en autocar - Wunder der Stadt - Visites guidées à Munich et en Bavière" />
<meta property="og:url" content="https://www.wunder-der-stadt.com/tours/visite-panoramique-en-autocar/" />
<meta property="og:site_name" content="Wunder der Stadt - Visites guidées à Munich et en Bavière" />
<meta property="article:modified_time" content="2023-12-01T11:45:57+00:00" />
<meta property="og:image" content="https://www.wunder-der-stadt.com/wp-content/uploads/Nr.-0614-Muenchner-Marienplatz-mit-Neuem-Rathaus-und-Frauenkirche-C.-Reiter-scaled.jpg" />
	<meta property="og:image:width" content="2525" />
	<meta property="og:image:height" content="2560" />
	<meta property="og:image:type" content="image/jpeg" />
<meta name="twitter:card" content="summary_large_image" />
<meta name="twitter:label1" content="Est. reading time" />
	<meta name="twitter:data1" content="2 minutes" />
<script type="application/ld+json" class="yoast-schema-graph">{"@context":"https://schema.org","@graph":[{"@type":"WebPage","@id":"https://www.wunder-der-stadt.com/tours/visite-panoramique-en-autocar/","url":"https://www.wunder-der-stadt.com/tours/visite-panoramique-en-autocar/","name":"Visite panoramique en autocar","isPartOf":{"@id":"https://www.wunder-der-stadt.com/#website"},"datePublished":"2018-03-22T13:22:45+00:00","dateModified":"2023-12-01T11:45:57+00:00","description":"Une visite panoramique en autocar qui permet d'embrasser la richesse patrimoniale et culturelle de la capitale de la Bavière.","breadcrumb":{"@id":"https://www.wunder-der-stadt.com/tours/visite-panoramique-en-autocar/#breadcrumb"},"inLanguage":"fr-FR","potentialAction":[{"@type":"ReadAction","target":["https://www.wunder-der-stadt.com/tours/visite-panoramique-en-autocar/"]}]},{"@type":"BreadcrumbList","@id":"https://www.wunder-der-stadt.com/tours/visite-panoramique-en-autocar/#breadcrumb","itemListElement":[{"@type":"ListItem","position":1,"name":"Startseite","item":"https://www.wunder-der-stadt.com/"},{"@type":"ListItem","position":2,"name":"Produkte","item":"https://www.wunder-der-stadt.com/shop/"},{"@type":"ListItem","position":3,"name":"Munich classique &#8211; circuit panoramique en autocar"}]},{"@type":"WebSite","@id":"https://www.wunder-der-stadt.com/#website","url":"https://www.wunder-der-stadt.com/","name":"{:de}Wunder der Stadt - Stadtführungen in München und Oberbayern{:}{:fr}Wunder der Stadt - Visites guidées à Munich et en Bavière{:}","description":"Votre partenaire pour vos voyages d&#039;affaires, voyages privés à Munich et en Bavière","publisher":{"@id":"https://www.wunder-der-stadt.com/#/schema/person/7ac5370c8e8a38b0625e279f3af2d701"},"potentialAction":[{"@type":"SearchAction","target":{"@type":"EntryPoint","urlTemplate":"https://www.wunder-der-stadt.com/?s={search_term_string}"},"query-input":"required name=search_term_string"}],"inLanguage":"fr-FR"},{"@type":["Person","Organization"],"@id":"https://www.wunder-der-stadt.com/#/schema/person/7ac5370c8e8a38b0625e279f3af2d701","name":"Admin","logo":{"@id":"https://www.wunder-der-stadt.com/#/schema/person/image/"}}]}</script>
<!-- / Yoast SEO plugin. -->

Munich classique - circuit panoramique en autocar - Wunder der Stadt - Visites guidées à Munich et en Bavière

Wunder der Stadt - Visites guidées à Munich et en Bavière

Une visite panoramique en autocar qui permet d'embrasser la richesse patrimoniale et culturelle de la capitale de la Bavière.

{:de}Wunder der Stadt - Stadtführungen in München und Oberbayern{:}{:fr}Wunder der Stadt - Visites guidées à Munich et en Bavière{:}

Votre partenaire pour vos voyages d&#039;affaires, voyages privés à Munich et en Bavière
